{"id":13978,"date":"2024-03-31T18:13:35","date_gmt":"2024-03-31T16:13:35","guid":{"rendered":"http:\/\/sv-merchingen.de\/?page_id=13978"},"modified":"2024-03-31T18:18:12","modified_gmt":"2024-03-31T16:18:12","slug":"schiedsrichter","status":"publish","type":"page","link":"https:\/\/sv-merchingen.de\/?page_id=13978","title":{"rendered":"Schiedsrichter"},"content":{"rendered":"\n<p>Unsere Schiedsrichter beim SV Merchingen.<\/p>\n\n\n\n<p>Drei unserer Jugendspieler haben sich entschlossen ins Schiedsrichterleben einzusteigen und f\u00fcr die Gelb-Schwarzen vom Galgenberg zu pfeifen.<\/p>\n\n\n\n<ul class=\"wp-block-list\">\n<li><strong>Tim Erbel<\/strong><\/li>\n\n\n\n<li><strong>Colin Schabel<\/strong><\/li>\n\n\n\n<li><strong>Tim Heitmeir<\/strong><\/li>\n<\/ul>\n\n\n\n<p>&#8211;<strong>Danke daf\u00fcr Jungs, ihr seid eine wichtige St\u00fctze f\u00fcr den Verein! <\/strong><\/p>\n\n\n\n<p>Wir w\u00fcnschen euch viel Erfolg bei der Leitung von euren zuk\u00fcnftigen Spielen!<\/p>\n\n\n\n<figure class=\"wp-block-image size-large\"><img loading=\"lazy\" decoding=\"async\" width=\"1024\" height=\"329\" src=\"http:\/\/sv-merchingen.de\/wp-content\/uploads\/2024\/03\/Svm-Februar-1024x329.jpg\" alt=\"\" class=\"wp-image-13981\" srcset=\"https:\/\/sv-merchingen.de\/wp-content\/uploads\/2024\/03\/Svm-Februar-1024x329.jpg 1024w, https:\/\/sv-merchingen.de\/wp-content\/uploads\/2024\/03\/Svm-Februar-300x96.jpg 300w, https:\/\/sv-merchingen.de\/wp-content\/uploads\/2024\/03\/Svm-Februar-768x246.jpg 768w, https:\/\/sv-merchingen.de\/wp-content\/uploads\/2024\/03\/Svm-Februar-1536x493.jpg 1536w, https:\/\/sv-merchingen.de\/wp-content\/uploads\/2024\/03\/Svm-Februar-2048x657.jpg 2048w\" sizes=\"auto, (max-width: 1024px) 100vw, 1024px\" \/><\/figure>\n","protected":false},"excerpt":{"rendered":"<p>Unsere Schiedsrichter beim SV Merchingen. Drei unserer Jugendspieler haben sich entschlossen ins Schiedsrichterleben einzusteigen und f\u00fcr die Gelb-Schwarzen vom Galgenberg zu pfeifen. &#8211;Danke daf\u00fcr Jungs, &hellip; <\/p>\n","protected":false},"author":2,"featured_media":0,"parent":0,"menu_order":0,"comment_status":"closed","ping_status":"closed","template":"","meta":{"ngg_post_thumbnail":0,"footnotes":""},"class_list":["post-13978","page","type-page","status-publish","hentry"],"_links":{"self":[{"href":"https:\/\/sv-merchingen.de\/index.php?rest_route=\/wp\/v2\/pages\/13978","targetHints":{"allow":["GET"]}}],"collection":[{"href":"https:\/\/sv-merchingen.de\/index.php?rest_route=\/wp\/v2\/pages"}],"about":[{"href":"https:\/\/sv-merchingen.de\/index.php?rest_route=\/wp\/v2\/types\/page"}],"author":[{"embeddable":true,"href":"https:\/\/sv-merchingen.de\/index.php?rest_route=\/wp\/v2\/users\/2"}],"replies":[{"embeddable":true,"href":"https:\/\/sv-merchingen.de\/index.php?rest_route=%2Fwp%2Fv2%2Fcomments&post=13978"}],"version-history":[{"count":2,"href":"https:\/\/sv-merchingen.de\/index.php?rest_route=\/wp\/v2\/pages\/13978\/revisions"}],"predecessor-version":[{"id":13983,"href":"https:\/\/sv-merchingen.de\/index.php?rest_route=\/wp\/v2\/pages\/13978\/revisions\/13983"}],"wp:attachment":[{"href":"https:\/\/sv-merchingen.de\/index.php?rest_route=%2Fwp%2Fv2%2Fmedia&parent=13978"}],"curies":[{"name":"wp","href":"https:\/\/api.w.org\/{rel}","templated":true}]}}